862?
True
Does 7020 divide 487489256?
False
Is 1602950985 a multiple of 45?
True
Does 7 divide 556888249?
False
Is 118 a factor of 1205290232?
True
Is 107 a factor of 3796326?
False
Is 326 a factor of 177917401?
False
Is 250881576 a multiple of 44?
True
Does 91 divide 297212825?
True
Is 30 a factor of 2261763?
False
Is 1209332514 a multiple of 26?
True
Is 1889788084 a multiple of 4843?
False
Does 504 divide 67403448?
True
Is 991950650 a multiple of 50?
True
Is 186647940 a multiple of 15?
True
Is 704 a factor of 30277632?
True
Does 33 divide 2610931?
False
Does 7 divide 3587444?
True
Is 1753330211 a multiple of 54?
False
Does 97 divide 661657273?
True
Does 10 divide 1107887650?
True
Is 747930896 a multiple of 38?
True
Is 33 a factor of 34238120?
False
Is 7 a factor of 182252560?
True
Is 163 a factor of 261343150?
False
Is 35 a factor of 47596921?
False
Is 174083536 a multiple of 1496?
True
Does 622 divide 559336213?
False
Is 2417656010 a multiple of 22?
True
Does 23 divide 74966817?
False
Does 91 divide 213214547?
True
Is 2651658339 a multiple of 989?
True
Is 3 a factor of 22842965?
False
Is 221 a factor of 528350551?
False
Is 39 a factor of 671128302?
True
Is 141 a factor of 605736?
True
Is 192904668 a multiple of 11?
True
Is 1349552 a multiple of 3?
False
Does 1064 divide 41819456?
True
Does 22 divide 782993970?
True
Is 5287574 a multiple of 42?
False
Does 637 divide 6673624166?
False
Is 52 a factor of 117146380?
True
Is 268 a factor of 76536512?
True
Is 13829340 a multiple of 228?
True
Is 1408042544 a multiple of 332?
True
Is 800 a factor of 32287200?
True
Is 14815031 a multiple of 52?
False
Does 232 divide 94448360?
True
Does 8 divide 390831112?
True
Is 312818952 a multiple of 69?
True
Is 540520923 a multiple of 339?
True
Is 50568560 a multiple of 871?
False
Is 2459314458 a multiple of 9?
True
Is 94 a factor of 326669789?
False
Is 76 a factor of 144542272?
True
Is 31 a factor of 7771483?
True
Is 36 a factor of 18141682?
False
Is 116531281 a multiple of 610?
False
Is 4238 a factor of 3603897726?
True
Is 110148666 a multiple of 6?
True
Does 242 divide 702184538?
True
Is 559958784 a multiple of 2688?
True
Is 194032514 a multiple of 202?
True
Is 4 a factor of 1828632?
True
Is 1189 a factor of 39771822?
False
Is 430392416 a multiple of 186?
False
Is 36 a factor of 416417638?
False
Does 11 divide 51055097?
False
Does 37 divide 42716229?
False
Is 52 a factor of 32138379?
False
Is 299615069 a multiple of 935?
False
Is 256 a factor of 23131136?
True
Does 797 divide 616340025?
True
Does 19 divide 224704059?
False
Is 3 a factor of 58066910?
False
Is 295 a factor of 161798650?
True
Does 87 divide 4559852?
False
Is 1160 a factor of 63220000?
True
Does 32 divide 97339648?
True
Is 24 a factor of 102962208?
True
Does 474 divide 229090362?
True
Does 100 divide 10892576?
False
Is 1115 a factor of 1536369650?
True
Is 22 a factor of 41399314?
True
Is 903 a factor of 29784552?
True
Does 12 divide 38545240?
False
Is 33294690 a multiple of 286?
True
Is 2568240 a multiple of 984?
True
Is 25 a factor of 21966419?
False
Does 15 divide 56740419?
False
Is 68941380 a multiple of 12?
True
Is 171 a factor of 2864029?
False
Is 10 a factor of 113171840?
True
Is 291 a factor of 8960763?
True
Is 104302592 a multiple of 23?
False
Is 671 a factor of 20278291?
True
Is 14 a factor of 174804757?
False
Is 17 a factor of 3606156136?
False
Is 153 a factor of 2073697925?
False
Is 7167 a factor of 979048035?
True
Does 26 divide 42237052?
True
Does 791 divide 45458168?
False
Is 4 a factor of 24655077?
False
Is 66682209 a multiple of 31?
True
Is 97875170 a multiple of 4?
False
Does 143 divide 234000571?
False
Is 1102833900 a multiple of 28?
True
Is 1186157656 a multiple of 3797?
False
Does 82 divide 1722017?
False
Does 81 divide 46266911?
False
Is 41 a factor of 216636945?
False
Is 239121315 a multiple of 81?
True
Is 14393479 a multiple of 345?
False
Is 43 a factor of 35521526?
True
Is 1280700462 a multiple of 37?
True
Does 1539 divide 24896403?
True
Does 948 divide 825112333?
False
Is 574 a factor of 3283954?
False
Is 309 a factor of 112573335?
True
Is 113 a factor of 497962072?
True
Does 42 divide 1895423?
False
Is 57 a factor of 571780?
False
Is 369 a factor of 20127468?
False
Is 15 a factor of 440698310?
False
Does 66 divide 68937185?
False
Is 88 a factor of 117780043?
False
Does 555 divide 63338820?
True
Does 3 divide 128248401?
True
Is 1753945488 a multiple of 48?
True
Is 1911283916 a multiple of 55?
False
Is 182069679 a multiple of 1067?
True
Does 13 divide 2123373857?
False
Is 472722252 a multiple of 201?
True
Is 680 a factor of 32594440?
True
Does 119 divide 25973824?
False
Does 108 divide 17379728?
False
Does 857 divide 200002375?
True
Is 895 a factor of 2706445858?
False
Is 3473607 a multiple of 3?
True
Is 116 a factor of 19863920?
False
Is 449529211 a multiple of 7?
False
Does 12 divide 855691704?
True
Is 50 a factor of 99828902?
False
Does 14 divide 140049146?
False
Is 66640356 a multiple of 482?
True
Does 71 divide 31188738?
True
Is 448 a factor of 1230380253?
False
Does 956 divide 725591931?
False
Does 96 divide 1416767?
False
Is 558831849 a multiple of 17?
False
Is 17547521 a multiple of 271?
True
Is 2225 a factor of 72074425?
True
Does 9 divide 18763492?
False
Does 58 divide 1509222041?
False
Is 2004698136 a multiple of 39?
False
Is 79234684 a multiple of 566?
False
Is 153 a factor of 2770702546?
False
Does 10604 divide 2971914014?
False
Is 322387592 a multiple of 41?
True
Is 14 a factor of 118482210?
True
Is 74572617 a multiple of 255?
False
Does 557 divide 39596148?
False
Is 25517361 a multiple of 131?
False
Is 810994645 a multiple of 48?
False
Does 6 divide 4242349?
False
Is 3 a factor of 32443749?
True
Is 22042939 a multiple of 1130?
False
Is 32680040 a multiple of 11?
False
Does 695 divide 32076984?
False
Does 599 divide 143760?
True
Does 11 divide 13787345?
True
Is 2915147 a multiple of 7?
False
Is 661 a factor of 50709276?
True
Does 81 divide 25392366?
True
Does 9 divide 226167540?
False
Does 22 divide 7820362?
True
Does 21 divide 10846489?
False
Is 265784260 a multiple of 207?
False
Is 735858333 a multiple of 17?
False
Is 630 a factor of 115745490?
True
Is 11 a factor of 27904217?
True
Does 8389 divide 920337406?
False
Is 5 a factor of 7211108?
False
Does 104 divide 530243376?
True
Is 112 a factor of 53754254?
False
Is 937 a factor of 38797038?
False
Does 3745 divide 121764930?
True
Is 2142013135 a multiple of 3862?
False
Is 189 a factor of 19011048?
False
Does 3828 divide 1709328324?
True
Is 4 a factor of 216814301?
False
Is 2026732917 a multiple of 279?
False
Does 62 divide 5748551?
False
Is 3883087461 a multiple of 8825?
False
Is 38 a factor of 489159560?
True
Does 12 divide 3527141988?
True
Does 192 divide 85727424?
True
Is 298432100 a multiple of 20?
True
Does 10 divide 2314167139?
False
Is 24 a factor of 5003229267?
False
Is 35979948 a multiple of 6?
True
Is 21264853 a multiple of 10?
False
Is 61110115 a multiple of 55?
True
Does 25 divide 124923125?
True
Is 28 a factor of 5399074?
False
Is 187 a factor of 51184518?
True
Is 11 a factor of 36869173?
True
Does 125 divide 3821928?
False
Does 1164 divide 431502216?
False
Is 860684405 a multiple of 18?
False
Is 9 a factor of 45434709?
True
Is 325 a factor of 166139025?
True
Is 1887342873 a multiple of 13?
True
Does 8 divide 15556720?
True
Is 3238 a factor of 1181495800?
False
Is 51497856 a multiple of 864?
True
Is 1419220 a multiple of 320?
False
Is 100275952 a multiple of 1876?
True
Is 50299065 a multiple of 100?
False
Is 29268960 a multiple of 868?
True
Is 50573896 a multiple of 1128?
False
Is 45 a factor of 24225930?
True
Does 12 divide 4266323196?
True
Is 521348304 a multiple of 396?
False
Does 716 divide 214385145?
False
Is 681050762 a multiple of 2045?
False
Is 4669826 a multiple of 6?
False
Does 14 divide 323414090?
False
Does 59 divide 79304541?
False
Is 1115 a factor of 2666799020?
True
Is 155 a factor of 22223273?
False
Is 42072044 a multiple of 142?
True
Does 581 divide 3581446680?
True
Does 9 divide 254453470?
False
Is 12933262 a multiple of 6?
False
Is 4352 a factor of 3280198144?
True
Does 174 divide 27523494?
True
Does 57 divide 1554666857?
False
Is 441074706 a multiple of 222?
True
Is 2777 